5 + 0 - 2*k + 0*k**2 - 1/3*k**3 + 1/6*k**4. Give h(-3).
-3
Let b(x) = 5*x**3 - 3*x**3 + 16*x**3. Determine b(-1).
-18
Let t(g) = g**2 - 7*g + 8. Let l be (2/4)/(2/24). Let x be t(l). Let v(z) be the third derivative of z**5/60 + 2*z**2. Give v(x).
4
Let l(o) be the third derivative of -o**5/60 - 7*o**4/24 + 4*o**3/3 - 42*o**2. Determine l(-7).
8
Let r(o) = -o**3 - 6*o**2 + o + 4. Let b be r(-6). Let x(u) = 5*u + 3. Give x(b).
-7
Let b(o) = -o**3 - 6*o**2 - 7*o - 5. Suppose 20 = -0*w - 5*w. Determine b(w).
-9
Let y = 17 - 17. Let s(z) be the second derivative of z**4/12 - z**3/6 + 7*z**2/2 - z. Determine s(y).
7
Suppose 3*p + 13 = -2. Let x(l) = l**3 + 4*l**2 - 3*l - 3. Calculate x(p).
-13
Let r(f) = f**3 - 6*f**2 + 4*f + 4. Let o be -1 + (-2 - -3 - -1). Let a = 6 - o. Calculate r(a).
-1
Let j = 4 + -4. Suppose j = -w - 3*w. Let i(z) = z**2 + z + 7. Let c(o) = o**2 + o. Let m(q) = 2*c(q) - i(q). Calculate m(w).
-7
Let z = -8 - -13. Suppose z*i = -3*p - 10 - 1, i + 4*p + 9 = 0. Let y(o) be the second derivative of o**5/20 + o**4/12 - o**3/6 - o**2/2 - 6*o. Determine y(i).
0
Let b(u) be the third derivative of -1/120*u**6 - 8*u**2 + 0 + 2/3*u**3 + 0*u - 1/24*u**4 + 0*u**5. What is b(0)?
4
Let b(t) = 3*t - 1. Suppose -4*s + 9 = -7*s. Let c(x) = 2 + 3*x - 4*x**3 + 3*x**2 - 5*x**2 + 3*x**3. Let h be c(s). Give b(h).
5
Let s(p) = -p**2 + 11*p - 7. Let t be s(11). Let d(g) = -g**2 - 9*g - 9. Let q be d(t). Let i(b) = -b**2 + 5*b - 5. What is i(q)?
-5
Let d(q) be the third derivative of -q**4/12 + q**3/6 - 4*q**2. Calculate d(-1).
3
Let m(w) = w**2 - 7*w + 8. Let r be m(6). Suppose r*x - 12 = 6*x. Let u(i) = 25*i - 26*i + 5 - 2. Determine u(x).
6
Let y(l) = 3*l - 2. Let z be (-3 + 3 - -16)*1. Suppose -2*d + 6*d + z = 0. Determine y(d).
-14
Let s(y) = 3*y - 5. Let u(i) = -i + 3. Let r(c) = 2*s(c) + 5*u(c). Determine r(-6).
-1
Let z(q) be the third derivative of q**8/6720 - q**7/504 + q**6/720 - q**5/120 + q**4/8 - 7*q**2. Let r(i) be the second derivative of z(i). What is r(5)?
4
Let q(y) = y + 3. Suppose -s + 9 = -4*d, -16 = 4*s + d - 1. Let z be q(s). Let m(i) = -i**2 - i + 3. What is m(z)?
3
Suppose 12*s - 20 = 7*s. Let l(a) = -7*a + 3. Calculate l(s).
-25
Let i(p) = p. Let a = 17 - -1. Let c = 20 - a. Calculate i(c).
2
Let l(v) = 4*v + 1. Let j be -1*1 + 9/((-45)/20). Give l(j).
-19
Let o be (4/10)/((-6)/(-60)). Let a(r) = r**2 - 4*r + 1. Calculate a(o).
1
Let f = -13 - -22. Let l = 14 - f. Suppose 0 = -l*q + 3*j + 29, 5*q - j - 26 = j. Let r(v) = v**3 - 3*v**2 - 3*v + 5. Determine r(q).
9
Suppose 4*k + 3*b - b + 16 = 0, 2*k = -5*b - 24. Let w = k - -6. Let t(x) = 3*x - 1 - w + 6 - 4. Calculate t(-3).
-12
Let l(y) = 2*y**2 - 2*y - 2*y + y**3 + 2 - y - 7*y**2. Determine l(6).
8
Let u(z) = -3*z**2 - z + 11. Let b(f) = f**2 - 4. Let a(c) = -11*b(c) - 4*u(c). Let d be -3*1*(-1)/1. Let x be (2/d)/(1/(-3)). What is a(x)?
-4
Let l be (-65)/26*4/(-2). Let p(a) = -a**3 + 4*a**2 + 5*a + 4. Determine p(l).
4
Let i(p) = -p**2 + p + 5. Let f be (-3)/(-2) - (-35)/14. What is i(f)?
-7
Let p(c) = 5*c - 2*c - c**3 - 6 + c + 3*c**2 + 7. Determine p(4).
1
Let b(o) = o**3 + 2*o**2 - 2*o. Let p be b(-3). Let i(q) = -q**2 + 4. Determine i(p).
-5
Let p(l) be the second derivative of -l**4/12 + l**3 - 2*l**2 - l. Let y(m) = m**2 - 6*m + 4. Let a(h) = -3*p(h) - 4*y(h). Suppose 6*f - 12 = 2*f. What is a(f)?
5
Let k(b) = 8*b - 7*b - 1 + 5. What is k(-6)?
-2
Let y = 31 - 21. Suppose 2*z + y = 2. Let q(d) = -2*d + d + 5 - d**2 - 2*d. Give q(z).
1
Let n(u) = u + 5. Suppose -64*i - 10 = -66*i. Determine n(i).
10
Suppose 0 = 2*c + 2 - 14. Let f(n) be the first derivative of -n**3/3 + 4*n**2 - 9*n - 3. What is f(c)?
3
Let r(j) = 0*j**2 - 3*j**2 + 4*j**2 - 4. Let q be 3*5/(30/(-8)). Let o = q + 1. Calculate r(o).
5
Let r(p) = 2*p - 6. Suppose l = -0*l - 9. Let a be 2/9 - (-2)/l. Suppose 3*s - y - 20 = -3*y, 2*s + 4*y - 24 = a. Give r(s).
2
Suppose 0 = -3*y + 2*y + 1. Suppose -2*z - 3 = y. Let u be (12/8)/(1/z). Let c(k) = -k**3 - 3*k**2 - k + 2. Give c(u).
5
Let b be 1/2*0/9. Let i(x) = -x**3 + x**2 - x + 16. What is i(b)?
16
Let l = -13 + 8. Let s(f) = 2 - 3 + 3 + f**2 + 4*f - 3. What is s(l)?
4
Let u be 15 + 0 - (-4 + 3). Let k = u + -4. Let h(l) = -3*l + k - 12. Calculate h(-1).
3
Let l(m) = 10 + 4*m + 10 - 22 - 6*m**2 + m**3. Let u be 9/7 + (-10)/35. Let c = 4 + u. Determine l(c).
-7
Suppose 0*g - 5*g + 5 = -2*w, 0 = 3*w - 2*g + 2. Let b(a) = w*a + 0*a + 5 - 2*a. Let v = -84 + 88. Give b(v).
-3
Suppose p - 13 = -0*l - 2*l, 0 = -p - 3*l + 18. Let w(m) = -5 - 4*m + 7*m - 4*m + m**p + 4 + m**2. Calculate w(-1).
0
Let f(s) = -s**3 + 4*s**2 - 3*s. Let d be ((-6)/15)/(2/(-30)). Suppose -n = -2*u - 5*n + 12, 2*u + 2*n - d = 0. Suppose h - 2*h + 3 = u. Give f(h).
0
Let z(q) be the second derivative of 4*q - 1/3*q**3 + 0 + 1/2*q**2 - 1/12*q**4. Give z(2).
-7
Let z(q) be the first derivative of -q**3/6 - q - 1. Let d(c) be the first derivative of z(c). What is d(-2)?
2
Let u(a) = 13*a + 1. Suppose -t - 1 = 1. Let q(j) = -3*j. Let y(k) = t*u(k) - 9*q(k). Suppose 24 = 2*s - 10*s. Determine y(s).
-5
Let n(s) = 2*s + 4. Let a = 10 - 7. Suppose -4 = 2*i - 2. Let k be (2 + -1)/(i/a). What is n(k)?
-2
Let k(c) = c**3 - 3*c**2 + 2*c - 3. Let g be (-26)/(-10) + (18/15)/3. Determine k(g).
3
Let t(u) be the third derivative of -u**7/840 - u**6/45 - 5*u**4/24 + u**3/6 - 7*u**2. Let c(k) be the first derivative of t(k). Determine c(-8).
-5
Let i(s) be the first derivative of s**7/420 + s**6/360 - s**5/120 - s**3 - 6. Let b(j) be the third derivative of i(j). Determine b(1).
2
Let p(i) = 4*i**3 - 3*i**2 + 7*i + 7. Let d(q) = q**3 - q**2 + q + 1. Let b(z) = -5*d(z) + p(z). Calculate b(3).
-1
Let g be 11/2 + 1/(-2). Suppose g*o - 4 - 1 = 0. Let u(c) = 5*c**3 - o + 0 - 2*c**3. Calculate u(1).
2
Let v(r) be the second derivative of -3*r + 0 - 1/120*r**5 + 0*r**2 - 2/3*r**3 - 1/6*r**4. Let u(b) be the second derivative of v(b). Determine u(0).
-4
Let n(c) = -2*c + 5*c - c + 3*c. Calculate n(4).
20
Suppose 3*b + b - 31 = -3*d, -b + 29 = 5*d. Let c(j) = 5*j + 2 + 14*j**2 - 15*j**2 - 2. Determine c(b).
4
Let l(g) = g + 6. Suppose 8 = -5*p + 2*o, -p + 3*o = 20 - 8. Let y(t) = -t - 3 + 4 + p*t. Let k be y(1). Give l(k).
6
Suppose -2*o + 44 = -3*g + 3*o, -2*g = 5*o - 4. Let l = g + 9. Let c(a) = 2*a - a + 3*a - l. Give c(2).
7
Suppose 0 = -3*x - 2*x - 40. Let o be 30/x + (-7)/28. Let u(t) = t**2 + 7*t + 5. Calculate u(o).
-7
Let m(x) = -5*x - 1. Suppose -2*f + 19 = 3*a, -f + a = 3*a - 12. Suppose 3*l - f + 5 = 0. Determine m(l).
4
Let k be 6/(-33) + 2/11. Suppose -x + k*x - 4 = 0. Let b(d) be the third derivative of -d**4/24 - 3*d**3/2 + d**2. Determine b(x).
-5
Let p(n) = -5 + 3 + 7*n - n**2 - 3 - 1. What is p(5)?
4
Let o(k) be the second derivative of -k + 0 + 3/2*k**2 + 1/6*k**3. Suppose 2*d + 5*d + 2*d = 0. Determine o(d).
3
Let q be (0 - -2)/((-4)/10). Let m(k) = -4*k - 7. Let u(o) = -o - 9. Let f be u(-11). Let p(s) = -9*s - 15. Let a(t) = f*p(t) + q*m(t). What is a(-5)?
-5
Suppose -3*s - 4 = 3*i - i, -5*i = -2*s + 10. Let j(f) = -5*f - f**3 + s*f + f + 4*f**2 + 3*f. Give j(3).
6
Suppose 2*r - 18 = 3*q + 2, 5*r = -2*q - 7. Let v(z) be the first derivative of z**2 + 8*z + 41. What is v(q)?
-4
Let w = 4 - 3. Let f be 2 + (w - 2/2). Let u(p) = 2 + 3*p**2 - 5*p**f + p**2. Calculate u(3).
-7
Suppose 2*g + 2 = 3*g. Suppose 0 = 3*p + 3 - 9. Let x(v) = -g + 2 - p + v. Determine x(-5).
-7
Let g(h) = -3*h**2 + 22*h - 16. Let l(f) = 2*f**2 - 15*f + 11. Let j(d) = 5*g(d) + 7*l(d). What is j(2)?
3
Let s(w) = w**2 - 2*w + 2. Let n(t) = 5*t + 9. Let d be n(-4). Let i = d + 15. What is s(i)?
10
Let i(j) be the second derivative of 0 - 2/3*j**3 + 0*j**2 + 1/24*j**4 + 2*j - 1/120*j**5. Let d(g) be the second derivative of i(g). Determine d(1).
0
Let r(z) = -14*z**2 + 11*z + 11. Let c(x) = -9*x**2 + 7*x + 7. Let h(g) = 8*c(g) - 5*r(g). Let o = 145 + -147. Determine h(o).
-9
Let j(r) = -r**2 + 2. Let x(z) = -12*z**2 + 8*z + 13*z**2 - 2*z. Let s be x(-6). What is j(s)?
2
Let z(w) = -w**2 + 3*w + 4. Let o = 16 - 6. Let v = -7 + o. Give z(v).
4
Let j(t) = -25*t**3 + 24*t**3 - 6*t - 3*t**2 + 10*t**2 - 8. Give j(6).
-8
Let k be (-3)/(-5) + (-26)/10. Let z(o) = o**3 - 4*o**2 - o - 3. Let j(y) be the first derivative of -y**2/2 